inder when 138 is divided by 5?
3
Calculate the remainder when 413 is divided by 259.
154
What is the remainder when 49 is divided by 5?
4
What is the remainder when 144 is divided by 33?
12
Calculate the remainder when 574 is divided by 246.
82
What is the remainder when 435 is divided by 9?
3
Calculate the remainder when 1056 is divided by 362.
332
Calculate the remainder when 358 is divided by 16.
6
Calculate the remainder when 757 is divided by 94.
5
Calculate the remainder when 176 is divided by 91.
85
Calculate the remainder when 7497 is divided by 62.
57
What is the remainder when 613 is divided by 245?
123
What is the remainder when 538 is divided by 15?
13
Calculate the remainder when 338 is divided by 31.
28
Calculate the remainder when 458 is divided by 235.
223
What is the remainder when 151 is divided by 94?
57
Calculate the remainder when 369 is divided by 17.
12
What is the remainder when 816 is divided by 68?
0
What is the remainder when 272 is divided by 50?
22
Calculate the remainder when 2410 is divided by 36.
34
What is the remainder when 326 is divided by 33?
29
What is the remainder when 188 is divided by 9?
8
What is the remainder when 898 is divided by 29?
28
What is the remainder when 109 is divided by 79?
30
Calculate the remainder when 203 is divided by 17.
16
Calculate the remainder when 154 is divided by 30.
4
Calculate the remainder when 279 is divided by 70.
69
Calculate the remainder when 105 is divided by 43.
19
Calculate the remainder when 4257 is divided by 15.
12
Calculate the remainder when 365 is divided by 79.
49
Calculate the remainder when 2086 is divided by 102.
46
Calculate the remainder when 412 is divided by 26.
22
What is the remainder when 68638 is divided by 66?
64
What is the remainder when 188 is divided by 30?
8
Calculate the remainder when 448 is divided by 122.
82
What is the remainder when 590 is divided by 48?
14
Calculate the remainder when 40 is divided by 16.
8
What is the remainder when 469 is divided by 94?
93
What is the remainder when 71 is divided by 62?
9
Calculate the remainder when 157 is divided by 21.
10
Calculate the remainder when 2906 is divided by 15.
11
What is the remainder when 734 is divided by 23?
21
What is the remainder when 263 is divided by 150?
113
What is the remainder when 1133 is divided by 280?
13
Calculate the remainder when 555 is divided by 93.
90
What is the remainder when 331 is divided by 69?
55
What is the remainder when 685 is divided by 23?
18
Calculate the remainder when 4597 is divided by 63.
61
What is the remainder when 459 is divided by 66?
63
What is the remainder when 117 is divided by 61?
56
What is the remainder when 469 is divided by 17?
10
What is the remainder when 165 is divided by 61?
43
What is the remainder when 54 is divided by 39?
15
What is the remainder when 3734 is divided by 19?
10
Calculate the remainder when 369 is divided by 8.
1
What is the remainder when 236 is divided by 50?
36
Calculate the remainder when 8579 is divided by 10.
9
What is the remainder when 489 is divided by 327?
162
What is the remainder when 186 is divided by 59?
9
Calculate the remainder when 6877 is divided by 38.
37
Calculate the remainder when 209 is divided by 4.
1
What is the remainder when 648 is divided by 26?
24
Calculate the remainder when 86 is divided by 45.
41
What is the remainder when 6418 is divided by 16?
2
Calculate the remainder when 287 is divided by 16.
15
What is the remainder when 960 is divided by 31?
30
Calculate the remainder when 27450 is divided by 95.
90
What is the remainder when 6163 is divided by 147?
136
Calculate the remainder when 19 is divided by 3.
1
Calculate the remainder when 86 is divided by 18.
14
Calculate the remainder when 3650 is divided by 126.
122
Calculate the remainder when 894 is divided by 382.
130
Calculate the remainder when 196 is divided by 8.
4
Calculate the remainder when 23123 is divided by 15.
8
Calculate the remainder when 487 is divided by 98.
95
Calculate the remainder when 170 is divided by 50.
20
What is the remainder when 3593 is divided by 62?
59
Calculate the remainder when 26 is divided by 21.
5
What is the remainder when 636 is divided by 439?
197
Calculate the remainder when 300 is divided by 269.
31
Calculate the remainder when 521 is divided by 133.
122
Calculate the remainder when 656 is divided by 81.
8
Calculate the remainder when 114 is divided by 15.
9
What is the remainder when 98 is divided by 1?
0
What is the remainder when 94 is divided by 38?
18
Calculate the remainder when 57 is divided by 21.
15
Calculate the remainder when 119 is divided by 25.
19
What is the remainder when 319 is divided by 65?
59
Calculate the remainder when 361 is divided by 13.
10
What is the remainder when 96 is divided by 7?
5
What is the remainder when 918 is divided by 296?
30
Calculate the remainder when 309 is divided by 14.
1
What is the remainder when 243 is divided by 61?
60
Calculate the remainder when 63 is divided by 25.
13
What is the remainder when 39 is divided by 9?
3
Calculate the remainder when 11287 is divided by 5634.
19
What is the remainder when 48 is divided by 13?
9
Calculate the remainder when 10310 is divided by 240.
230
What is the remainder when 206 is divided by 29?
3
Calculate the remainder when 118 is divided by 30.
28
What is the remainder when 294 is divided by 27?
24
What is the remainder when 1323 is divided by 353?
264
What is the remainder when 387 is divided by 21?
9
Calculate the remainder when 2726 is divided by 86.
60
Calculate the remainder when 444 is divided by 115.
99
Calculate the remainder when 150 is divided by 52.
46
What is the remainder when 28556 is divided by 131?
129
Calculate the remainder when 374 is divided by 23.
6
Calculate the remainder when 230 is divided by 52.
22
Calculate the remainder when 309 is divided by 10.
9
What is the remainder when 183 is divided by 128?
55
What is the remainder when 375 is divided by 96?
87
Calculate the remainder when 897 is divided by 314.
269
What is the remainder when 53 is divided by 24?
5
What is the remainder when 578 is divided by 147?
137
Calculate the remainder when 265 is divided by 131.
3
Calculate the remainder when 361 is divided by 13.
10
Calculate the remainder when 4585 is divided by 209.
196
What is the remainder when 381 is divided by 32?
29
Calculate the remainder when 3069 is divided by 8.
5
What is the remainder when 119 is divided by 73?
46
Calculate the remainder when 210 is divided by 57.
39
Calculate the remainder when 10498 is divided by 206.
198
Calculate the remainder when 1453 is divided by 439.
136
Calculate the remainder when 2261 is divided by 31.
29
Calculate the remainder when 168 is divided by 74.
20
What is the remainder when 170 is divided by 7?
2
What is the remainder when 335 is divided by 23?
13
Calculate the remainder when 142 is divided by 45.
7
What is the remainder when 1476 is divided by 584?
308
Calculate the remainder when 186 is divided by 117.
69
What is the remainder when 1197 is divided by 75?
72
Calculate the remainder when 64 is divided by 23.
18
What is the remainder when 823 is divided by 103?
102
Calculate the remainder when 772 is divided by 105.
37
Calculate the remainder when 452 is divided by 59.
39
What is the remainder when 1290 is divided by 68?
66
Calculate the remainder when 309 is divided by 39.
36
What is the remainder when 1829 is divided by 37?
16
Calculate the remainder when 123 is divided by 37.
12
What is the remainder when 73 is divided by 23?
4
Calculate the remainder when 8182 is divided by 90.
82
Calculate the remainder when 232 is divided by 78.
76
What is the remainder when 368 is divided by 110?
38
What is the remainder when 1317 is divided by 1293?
24
What is the remainder when 290 is divided by 98?
94
What is the remainder when 201 is divided by 78?
45
Calculate the remainder when 7289 is divided by 27.
26
What is the remainder when 89 is divided by 27?
8
What is the remainder when 896 is divided by 15?
11
What is the remainder when 843 is divided by 16?
11
What is the remainder when 113 is divided by 53?
7
Calculate the remainder when 112 is divided by 8.
0
Calculate the remainder when 156 is divided by 40.
36
What is the r